{"id":2594,"date":"2024-09-13T20:23:20","date_gmt":"2024-09-13T18:23:20","guid":{"rendered":"http:\/\/actef.es\/?page_id=2594"},"modified":"2026-02-04T10:33:19","modified_gmt":"2026-02-04T08:33:19","slug":"intensamente-0-nacidos-en-2012-2021","status":"publish","type":"page","link":"https:\/\/actef.es\/web\/intensamente-0-nacidos-en-2012-2021\/","title":{"rendered":"INTENSAMENTE 0: nacidos en 2020-2021"},"content":{"rendered":"\n<div class=\"wp-block-stackable-text stk-block-text stk-block stk-4bb9116\" data-block-id=\"4bb9116\"><p class=\"stk-block-text__text\"><\/p><\/div>\n\n\n\n<figure class=\"wp-block-image size-large\"><img loading=\"lazy\" decoding=\"async\" width=\"1024\" height=\"726\" src=\"https:\/\/actef.es\/wp-content\/uploads\/2026\/02\/catellano-int0-1-1024x726.png\" alt=\"\" class=\"wp-image-5922\" srcset=\"https:\/\/actef.es\/wp-content\/uploads\/2026\/02\/catellano-int0-1-1024x726.png 1024w, https:\/\/actef.es\/wp-content\/uploads\/2026\/02\/catellano-int0-1-300x213.png 300w, https:\/\/actef.es\/wp-content\/uploads\/2026\/02\/catellano-int0-1-768x545.png 768w, https:\/\/actef.es\/wp-content\/uploads\/2026\/02\/catellano-int0-1-1536x1090.png 1536w, https:\/\/actef.es\/wp-content\/uploads\/2026\/02\/catellano-int0-1.png 1748w\" sizes=\"auto, (max-width: 1024px) 100vw, 1024px\" \/><\/figure>\n\n\n\n<figure class=\"wp-block-image size-full\"><img loading=\"lazy\" decoding=\"async\" width=\"123\" height=\"45\" src=\"http:\/\/actef.es\/wp-content\/uploads\/2024\/09\/que-es.png\" alt=\"\" class=\"wp-image-2618\"\/><\/figure>\n\n\n<p>Es un taller de trabajo emocional y desarrollo de habilidades sociales a trav\u00e9s de las actividades creativas. Viajaremos en el tiempo para conocer civilizaciones antiguas, descubriremos seres mitol\u00f3gicos, descifraremos enigmas de la naturaleza y muchas cosas m\u00e1s siempre partiendo de nuestra creatividad. El taller busca despertar la curiosidad y el inter\u00e9s de los\\as ni\u00f1os\\as por diversas \u00e1reas del conocimiento y habilidades a trav\u00e9s del juego creativo y la imaginaci\u00f3n.<\/p>\n\n\n<div class=\"wp-block-group\"><div class=\"wp-block-group__inner-container is-layout-constrained wp-block-group-is-layout-constrained\">\n<figure class=\"wp-block-image size-full\"><img loading=\"lazy\" decoding=\"async\" width=\"141\" height=\"44\" src=\"http:\/\/actef.es\/wp-content\/uploads\/2024\/09\/objetivos.png\" alt=\"\" class=\"wp-image-2620\"\/><\/figure>\n\n\n\n<ul class=\"wp-block-list\">\n<li>Desarrollar el inter\u00e9s de los ni\u00f1os por aprender sobre temas variados.<\/li>\n\n\n\n<li>Trabajar la gesti\u00f3n de la frustraci\u00f3n.<\/li>\n\n\n\n<li>Promover el desarrollo personal, mejorando la confianza y autoestima de los ni\u00f1os.<\/li>\n\n\n\n<li>Fomentar la interacci\u00f3n social y el trabajo en equipo entre los participantes.<\/li>\n\n\n\n<li>Ofrecer un ambiente divertido y creativo donde los ni\u00f1os\\as puedan expresarse y explorar libremente.<\/li>\n\n\n\n<li>Trabajar la empat\u00eda y el asertividad.<\/li>\n<\/ul>\n<\/div><\/div>\n\n\n\n<hr class=\"wp-block-separator has-text-color has-vivid-cyan-blue-color has-alpha-channel-opacity has-vivid-cyan-blue-background-color has-background is-style-wide\"\/>\n\n\n\n<div class=\"wp-block-columns is-layout-flex wp-container-core-columns-is-layout-9d6595d7 wp-block-columns-is-layout-flex\">\n<div class=\"wp-block-column is-layout-flow wp-block-column-is-layout-flow\"><div class=\"wp-block-image\">\n<figure class=\"aligncenter size-full is-resized\"><img loading=\"lazy\" decoding=\"async\" width=\"234\" height=\"44\" src=\"http:\/\/actef.es\/wp-content\/uploads\/2024\/09\/horario.png\" alt=\"\" class=\"wp-image-2625\" style=\"width:181px;height:auto\"\/><\/figure>\n<\/div>\n\n\n<p class=\"has-text-align-center\">Miercoles 16:30 a 17:30                  Sede de ACTEF&nbsp;<\/p>\n<\/div>\n\n\n\n<div class=\"wp-block-column is-layout-flow wp-block-column-is-layout-flow\"><div class=\"wp-block-image\">\n<figure class=\"aligncenter size-full is-resized\"><img loading=\"lazy\" decoding=\"async\" width=\"173\" height=\"44\" src=\"http:\/\/actef.es\/wp-content\/uploads\/2024\/09\/profesional.png\" alt=\"\" class=\"wp-image-2627\" style=\"width:134px;height:auto\"\/><\/figure>\n<\/div>\n\n\n<p class=\"has-text-align-center\">Soledad Perez<\/p>\n<\/div>\n\n\n\n<div class=\"wp-block-column is-layout-flow wp-block-column-is-layout-flow\"><div class=\"wp-block-image is-style-default\">\n<figure class=\"aligncenter size-full is-resized\"><img loading=\"lazy\" decoding=\"async\" width=\"291\" height=\"42\" src=\"http:\/\/actef.es\/wp-content\/uploads\/2024\/09\/precio.png\" alt=\"\" class=\"wp-image-2629\" style=\"width:215px;height:auto\"\/><\/figure>\n<\/div>\n\n\n<p class=\"has-text-align-center\">Pendiente <\/p>\n<\/div>\n<\/div>\n\n\n\n<hr class=\"wp-block-separator has-text-color has-vivid-cyan-blue-color has-alpha-channel-opacity has-vivid-cyan-blue-background-color has-background is-style-wide\"\/>\n\n\n<div class=\"wp-block-image\">\n<figure class=\"aligncenter size-full is-resized\"><a href=\"http:\/\/[10:03, 15\/12\/2025] Esperanza Marqu\u00e8s: bien pero es lunes o martes [10:04, 15\/12\/2025] Esperanza Marqu\u00e8s: dedicarme una hora a cambiar los enlaces de las incripripciones de las actividades? o vas muy liada?\"><img loading=\"lazy\" decoding=\"async\" width=\"970\" height=\"250\" src=\"http:\/\/actef.es\/wp-content\/uploads\/2024\/09\/24.png\" alt=\"\" class=\"wp-image-2710\" style=\"width:387px;height:auto\" srcset=\"https:\/\/actef.es\/wp-content\/uploads\/2024\/09\/24.png 970w, https:\/\/actef.es\/wp-content\/uploads\/2024\/09\/24-300x77.png 300w, https:\/\/actef.es\/wp-content\/uploads\/2024\/09\/24-768x198.png 768w\" sizes=\"auto, (max-width: 970px) 100vw, 970px\" \/><\/a><\/figure>\n<\/div>\n\n\n<figure class=\"wp-block-embed is-type-video is-provider-youtube wp-block-embed-youtube wp-embed-aspect-16-9 wp-has-aspect-ratio\"><div class=\"wp-block-embed__wrapper\">\n<iframe loading=\"lazy\" title=\"Laboratorio Creativo 1\" width=\"1200\" height=\"675\" src=\"https:\/\/www.youtube.com\/embed\/Yri4c0cRk1w?feature=oembed\" frameborder=\"0\" allow=\"accelerometer; autoplay; clipboard-write; encrypted-media; gyroscope; picture-in-picture; web-share\" referrerpolicy=\"strict-origin-when-cross-origin\" allowfullscreen><\/iframe>\n<\/div><\/figure>\n\n\n\n<hr class=\"wp-block-separator has-text-color has-vivid-cyan-blue-color has-alpha-channel-opacity has-vivid-cyan-blue-background-color has-background is-style-wide\"\/>\n\n\n<div class=\"wp-block-image\">\n<figure class=\"aligncenter size-full is-resized\"><img loading=\"lazy\" decoding=\"async\" width=\"970\" height=\"250\" src=\"http:\/\/actef.es\/wp-content\/uploads\/2024\/09\/FRATO-1.png\" alt=\"\" class=\"wp-image-2827\" style=\"width:750px;height:auto\" srcset=\"https:\/\/actef.es\/wp-content\/uploads\/2024\/09\/FRATO-1.png 970w, https:\/\/actef.es\/wp-content\/uploads\/2024\/09\/FRATO-1-300x77.png 300w, https:\/\/actef.es\/wp-content\/uploads\/2024\/09\/FRATO-1-768x198.png 768w\" sizes=\"auto, (max-width: 970px) 100vw, 970px\" \/><\/figure>\n<\/div>\n\n\n<hr class=\"wp-block-separator has-text-color has-vivid-cyan-blue-color has-alpha-channel-opacity has-vivid-cyan-blue-background-color has-background is-style-wide\"\/>\n\n\n\n<p>Con la colaboraci\u00f3n de:<\/p>\n\n\n\n<figure class=\"wp-block-image size-full\"><img loading=\"lazy\" decoding=\"async\" width=\"875\" height=\"151\" src=\"https:\/\/actef.es\/wp-content\/uploads\/2025\/08\/WhatsApp-Image-2025-08-27-at-10.22.15.jpeg\" alt=\"\" class=\"wp-image-4493\" srcset=\"https:\/\/actef.es\/wp-content\/uploads\/2025\/08\/WhatsApp-Image-2025-08-27-at-10.22.15.jpeg 875w, https:\/\/actef.es\/wp-content\/uploads\/2025\/08\/WhatsApp-Image-2025-08-27-at-10.22.15-300x52.jpeg 300w, https:\/\/actef.es\/wp-content\/uploads\/2025\/08\/WhatsApp-Image-2025-08-27-at-10.22.15-768x133.jpeg 768w\" sizes=\"auto, (max-width: 875px) 100vw, 875px\" \/><\/figure>\n\n\n\n<hr class=\"wp-block-separator has-text-color has-vivid-cyan-blue-color has-alpha-channel-opacity has-vivid-cyan-blue-background-color has-background is-style-wide\"\/>\n\n\n\n<p><br><\/p>\n\n\n\n<p><br><\/p>\n\n\n\n<p><\/p>\n\n\n","protected":false},"excerpt":{"rendered":"<p>Es un taller de trabajo emocional y desarrollo de habilidades sociales a trav\u00e9s de las actividades creativas. Viajaremos en el tiempo para conocer civilizaciones antiguas, descubriremos seres mitol\u00f3gicos, descifraremos enigmas de la naturaleza y muchas cosas m\u00e1s siempre partiendo de nuestra creatividad. El taller busca despertar la curiosidad y el inter\u00e9s de los\\as ni\u00f1os\\as por &#8230; <a title=\"INTENSAMENTE 0: nacidos en 2020-2021\" class=\"read-more\" href=\"https:\/\/actef.es\/web\/intensamente-0-nacidos-en-2012-2021\/\" aria-label=\"Leer m\u00e1s sobre INTENSAMENTE 0: nacidos en 2020-2021\">Leer m\u00e1s<\/a><\/p>\n","protected":false},"author":2,"featured_media":5729,"parent":0,"menu_order":0,"comment_status":"closed","ping_status":"closed","template":"","meta":{"advgb_blocks_editor_width":"","advgb_blocks_columns_visual_guide":"","footnotes":""},"class_list":["post-2594","page","type-page","status-publish","has-post-thumbnail"],"featured_image_urls_v2":{"full":["https:\/\/actef.es\/wp-content\/uploads\/2025\/12\/cat-0-1.png",1455,375,false],"thumbnail":["https:\/\/actef.es\/wp-content\/uploads\/2025\/12\/cat-0-1-150x150.png",150,150,true],"medium":["https:\/\/actef.es\/wp-content\/uploads\/2025\/12\/cat-0-1-300x77.png",300,77,true],"medium_large":["https:\/\/actef.es\/wp-content\/uploads\/2025\/12\/cat-0-1-768x198.png",768,198,true],"large":["https:\/\/actef.es\/wp-content\/uploads\/2025\/12\/cat-0-1-1024x264.png",1024,264,true],"1536x1536":["https:\/\/actef.es\/wp-content\/uploads\/2025\/12\/cat-0-1.png",1455,375,false],"2048x2048":["https:\/\/actef.es\/wp-content\/uploads\/2025\/12\/cat-0-1.png",1455,375,false]},"post_excerpt_stackable_v2":"<p>Es un taller de trabajo emocional y desarrollo de habilidades sociales a trav\u00e9s de las actividades creativas. Viajaremos en el tiempo para conocer civilizaciones antiguas, descubriremos seres mitol\u00f3gicos, descifraremos enigmas de la naturaleza y muchas cosas m\u00e1s siempre partiendo de nuestra creatividad. El taller busca despertar la curiosidad y el inter\u00e9s de los\\as ni\u00f1os\\as por diversas \u00e1reas del conocimiento y habilidades a trav\u00e9s del juego creativo y la imaginaci\u00f3n. Desarrollar el inter\u00e9s de los ni\u00f1os por aprender sobre temas variados. Trabajar la gesti\u00f3n de la frustraci\u00f3n. Promover el desarrollo personal, mejorando la confianza y autoestima de los ni\u00f1os. Fomentar la&hellip;<\/p>\n","category_list_v2":"","author_info_v2":{"name":"Esperanza Marqu\u00e8s","url":"https:\/\/actef.es\/web\/author\/esperanza\/"},"comments_num_v2":"0 comentarios","coauthors":[],"author_meta":{"author_link":"https:\/\/actef.es\/web\/author\/esperanza\/","display_name":"Esperanza Marqu\u00e8s"},"relative_dates":{"created":"Publicado 2 a\u00f1os hace","modified":"Actualizado 3 meses hace"},"absolute_dates":{"created":"Publicado el 13 septiembre 2024","modified":"Actualizado el 4 febrero 2026"},"absolute_dates_time":{"created":"Publicado el 13 septiembre 2024 20:23","modified":"Actualizado el 4 febrero 2026 10:33"},"featured_img_caption":"","featured_img":"https:\/\/actef.es\/wp-content\/uploads\/2025\/12\/cat-0-1.png","series_order":"","_links":{"self":[{"href":"https:\/\/actef.es\/web\/wp-json\/wp\/v2\/pages\/2594","targetHints":{"allow":["GET"]}}],"collection":[{"href":"https:\/\/actef.es\/web\/wp-json\/wp\/v2\/pages"}],"about":[{"href":"https:\/\/actef.es\/web\/wp-json\/wp\/v2\/types\/page"}],"author":[{"embeddable":true,"href":"https:\/\/actef.es\/web\/wp-json\/wp\/v2\/users\/2"}],"replies":[{"embeddable":true,"href":"https:\/\/actef.es\/web\/wp-json\/wp\/v2\/comments?post=2594"}],"version-history":[{"count":65,"href":"https:\/\/actef.es\/web\/wp-json\/wp\/v2\/pages\/2594\/revisions"}],"predecessor-version":[{"id":5924,"href":"https:\/\/actef.es\/web\/wp-json\/wp\/v2\/pages\/2594\/revisions\/5924"}],"wp:featuredmedia":[{"embeddable":true,"href":"https:\/\/actef.es\/web\/wp-json\/wp\/v2\/media\/5729"}],"wp:attachment":[{"href":"https:\/\/actef.es\/web\/wp-json\/wp\/v2\/media?parent=2594"}],"curies":[{"name":"wp","href":"https:\/\/api.w.org\/{rel}","templated":true}]}}

<div class="wp-block-stackable-text stk-block-text stk-block stk-4bb9116" data-block-id="4bb9116"><p class="stk-block-text__text"></p></div>



<figure class="wp-block-image size-large"><img loading="lazy" decoding="async" width="1024" height="726" src="https://actef.es/wp-content/uploads/2026/02/catellano-int0-1-1024x726.png" alt="" class="wp-image-5922" srcset="https://actef.es/wp-content/uploads/2026/02/catellano-int0-1-1024x726.png 1024w, https://actef.es/wp-content/uploads/2026/02/catellano-int0-1-300x213.png 300w, https://actef.es/wp-content/uploads/2026/02/catellano-int0-1-768x545.png 768w, https://actef.es/wp-content/uploads/2026/02/catellano-int0-1-1536x1090.png 1536w, https://actef.es/wp-content/uploads/2026/02/catellano-int0-1.png 1748w" sizes="auto, (max-width: 1024px) 100vw, 1024px" /></figure>



<figure class="wp-block-image size-full"><img loading="lazy" decoding="async" width="123" height="45" src="http://actef.es/wp-content/uploads/2024/09/que-es.png" alt="" class="wp-image-2618"/></figure>


<p>Es un taller de trabajo emocional y desarrollo de habilidades sociales a través de las actividades creativas. Viajaremos en el tiempo para conocer civilizaciones antiguas, descubriremos seres mitológicos, descifraremos enigmas de la naturaleza y muchas cosas más siempre partiendo de nuestra creatividad. El taller busca despertar la curiosidad y el interés de los\as niños\as por diversas áreas del conocimiento y habilidades a través del juego creativo y la imaginación.</p>


<div class="wp-block-group"><div class="wp-block-group__inner-container is-layout-constrained wp-block-group-is-layout-constrained">
<figure class="wp-block-image size-full"><img loading="lazy" decoding="async" width="141" height="44" src="http://actef.es/wp-content/uploads/2024/09/objetivos.png" alt="" class="wp-image-2620"/></figure>



<ul class="wp-block-list">
<li>Desarrollar el interés de los niños por aprender sobre temas variados.</li>



<li>Trabajar la gestión de la frustración.</li>



<li>Promover el desarrollo personal, mejorando la confianza y autoestima de los niños.</li>



<li>Fomentar la interacción social y el trabajo en equipo entre los participantes.</li>



<li>Ofrecer un ambiente divertido y creativo donde los niños\as puedan expresarse y explorar libremente.</li>



<li>Trabajar la empatía y el asertividad.</li>
</ul>
</div></div>



<hr class="wp-block-separator has-text-color has-vivid-cyan-blue-color has-alpha-channel-opacity has-vivid-cyan-blue-background-color has-background is-style-wide"/>



<div class="wp-block-columns is-layout-flex wp-container-core-columns-is-layout-9d6595d7 wp-block-columns-is-layout-flex">
<div class="wp-block-column is-layout-flow wp-block-column-is-layout-flow"><div class="wp-block-image">
<figure class="aligncenter size-full is-resized"><img loading="lazy" decoding="async" width="234" height="44" src="http://actef.es/wp-content/uploads/2024/09/horario.png" alt="" class="wp-image-2625" style="width:181px;height:auto"/></figure>
</div>


<p class="has-text-align-center">Miercoles 16:30 a 17:30                  Sede de ACTEF&nbsp;</p>
</div>



<div class="wp-block-column is-layout-flow wp-block-column-is-layout-flow"><div class="wp-block-image">
<figure class="aligncenter size-full is-resized"><img loading="lazy" decoding="async" width="173" height="44" src="http://actef.es/wp-content/uploads/2024/09/profesional.png" alt="" class="wp-image-2627" style="width:134px;height:auto"/></figure>
</div>


<p class="has-text-align-center">Soledad Perez</p>
</div>



<div class="wp-block-column is-layout-flow wp-block-column-is-layout-flow"><div class="wp-block-image is-style-default">
<figure class="aligncenter size-full is-resized"><img loading="lazy" decoding="async" width="291" height="42" src="http://actef.es/wp-content/uploads/2024/09/precio.png" alt="" class="wp-image-2629" style="width:215px;height:auto"/></figure>
</div>


<p class="has-text-align-center">Pendiente </p>
</div>
</div>



<hr class="wp-block-separator has-text-color has-vivid-cyan-blue-color has-alpha-channel-opacity has-vivid-cyan-blue-background-color has-background is-style-wide"/>


<div class="wp-block-image">
<figure class="aligncenter size-full is-resized"><a href="http://[10:03, 15/12/2025] Esperanza Marquès: bien pero es lunes o martes [10:04, 15/12/2025] Esperanza Marquès: dedicarme una hora a cambiar los enlaces de las incripripciones de las actividades? o vas muy liada?"><img loading="lazy" decoding="async" width="970" height="250" src="http://actef.es/wp-content/uploads/2024/09/24.png" alt="" class="wp-image-2710" style="width:387px;height:auto" srcset="https://actef.es/wp-content/uploads/2024/09/24.png 970w, https://actef.es/wp-content/uploads/2024/09/24-300x77.png 300w, https://actef.es/wp-content/uploads/2024/09/24-768x198.png 768w" sizes="auto, (max-width: 970px) 100vw, 970px" /></a></figure>
</div>


<figure class="wp-block-embed is-type-video is-provider-youtube wp-block-embed-youtube wp-embed-aspect-16-9 wp-has-aspect-ratio"><div class="wp-block-embed__wrapper">
<iframe loading="lazy" title="Laboratorio Creativo 1" width="1200" height="675" src="https://www.youtube.com/embed/Yri4c0cRk1w?feature=oembed" frameborder="0" allow="accelerometer; autoplay; clipboard-write; encrypted-media; gyroscope; picture-in-picture; web-share" referrerpolicy="strict-origin-when-cross-origin" allowfullscreen></iframe>
</div></figure>



<hr class="wp-block-separator has-text-color has-vivid-cyan-blue-color has-alpha-channel-opacity has-vivid-cyan-blue-background-color has-background is-style-wide"/>


<div class="wp-block-image">
<figure class="aligncenter size-full is-resized"><img loading="lazy" decoding="async" width="970" height="250" src="http://actef.es/wp-content/uploads/2024/09/FRATO-1.png" alt="" class="wp-image-2827" style="width:750px;height:auto" srcset="https://actef.es/wp-content/uploads/2024/09/FRATO-1.png 970w, https://actef.es/wp-content/uploads/2024/09/FRATO-1-300x77.png 300w, https://actef.es/wp-content/uploads/2024/09/FRATO-1-768x198.png 768w" sizes="auto, (max-width: 970px) 100vw, 970px" /></figure>
</div>


<hr class="wp-block-separator has-text-color has-vivid-cyan-blue-color has-alpha-channel-opacity has-vivid-cyan-blue-background-color has-background is-style-wide"/>



<p>Con la colaboración de:</p>



<figure class="wp-block-image size-full"><img loading="lazy" decoding="async" width="875" height="151" src="https://actef.es/wp-content/uploads/2025/08/WhatsApp-Image-2025-08-27-at-10.22.15.jpeg" alt="" class="wp-image-4493" srcset="https://actef.es/wp-content/uploads/2025/08/WhatsApp-Image-2025-08-27-at-10.22.15.jpeg 875w, https://actef.es/wp-content/uploads/2025/08/WhatsApp-Image-2025-08-27-at-10.22.15-300x52.jpeg 300w, https://actef.es/wp-content/uploads/2025/08/WhatsApp-Image-2025-08-27-at-10.22.15-768x133.jpeg 768w" sizes="auto, (max-width: 875px) 100vw, 875px" /></figure>



<hr class="wp-block-separator has-text-color has-vivid-cyan-blue-color has-alpha-channel-opacity has-vivid-cyan-blue-background-color has-background is-style-wide"/>



<p><br></p>



<p><br></p>



<p></p>

<p>Es un taller de trabajo emocional y desarrollo de habilidades sociales a través de las actividades creativas. Viajaremos en el tiempo para conocer civilizaciones antiguas, descubriremos seres mitológicos, descifraremos enigmas de la naturaleza y muchas cosas más siempre partiendo de nuestra creatividad. El taller busca despertar la curiosidad y el interés de los\as niños\as por &#8230; <a title="INTENSAMENTE 0: nacidos en 2020-2021" class="read-more" href="https://actef.es/web/intensamente-0-nacidos-en-2012-2021/" aria-label="Leer más sobre INTENSAMENTE 0: nacidos en 2020-2021">Leer más</a></p>

<p>Es un taller de trabajo emocional y desarrollo de habilidades sociales a través de las actividades creativas. Viajaremos en el tiempo para conocer civilizaciones antiguas, descubriremos seres mitológicos, descifraremos enigmas de la naturaleza y muchas cosas más siempre partiendo de nuestra creatividad. El taller busca despertar la curiosidad y el interés de los\as niños\as por diversas áreas del conocimiento y habilidades a través del juego creativo y la imaginación. Desarrollar el interés de los niños por aprender sobre temas variados. Trabajar la gestión de la frustración. Promover el desarrollo personal, mejorando la confianza y autoestima de los niños. Fomentar la&hellip;</p>

Esperanza Marquès

Publicado 2 años hace
