{"id":4073,"date":"2025-08-27T09:12:32","date_gmt":"2025-08-27T07:12:32","guid":{"rendered":"https:\/\/actef.es\/web\/?page_id=4073"},"modified":"2026-02-04T11:00:19","modified_gmt":"2026-02-04T09:00:19","slug":"intensament-0-nascuts-en-2020-2021","status":"publish","type":"page","link":"https:\/\/actef.es\/web\/intensament-0-nascuts-en-2020-2021\/?lang=ca","title":{"rendered":"INTENSAMENT 0: nascuts en 2020-2021"},"content":{"rendered":"\n<figure class=\"wp-block-image size-large\"><img loading=\"lazy\" decoding=\"async\" width=\"1024\" height=\"726\" src=\"https:\/\/actef.es\/wp-content\/uploads\/2026\/02\/cat-int0-1024x726.png\" alt=\"\" class=\"wp-image-5949\" srcset=\"https:\/\/actef.es\/wp-content\/uploads\/2026\/02\/cat-int0-1024x726.png 1024w, https:\/\/actef.es\/wp-content\/uploads\/2026\/02\/cat-int0-300x213.png 300w, https:\/\/actef.es\/wp-content\/uploads\/2026\/02\/cat-int0-768x545.png 768w, https:\/\/actef.es\/wp-content\/uploads\/2026\/02\/cat-int0-1536x1090.png 1536w, https:\/\/actef.es\/wp-content\/uploads\/2026\/02\/cat-int0.png 1748w\" sizes=\"auto, (max-width: 1024px) 100vw, 1024px\" \/><\/figure>\n\n\n\n<figure class=\"wp-block-image size-full is-resized\"><img loading=\"lazy\" decoding=\"async\" width=\"282\" height=\"109\" src=\"https:\/\/actef.es\/wp-content\/uploads\/2025\/08\/Que-es-cat-1.png\" alt=\"\" class=\"wp-image-4084\" style=\"aspect-ratio:2.587370531239559;width:242px;height:auto\"\/><\/figure>\n\n\n<p>\u00c9s un taller de treball emocional i desenvolupament d&#8217;habilitats socials a trav\u00e9s de les activitats creatives. Viatjarem en el temps per a con\u00e8ixer civilitzacions antigues, descobrirem \u00e9ssers mitol\u00f2gics, desxifrarem enigmes de la naturalesa i moltes coses m\u00e9s sempre partint de la nostra creativitat. El taller busca encuriosir i l&#8217;inter\u00e8s de els\\as nens\\as per diverses \u00e0rees del coneixement i habilitats a trav\u00e9s del joc creatiu i la imaginaci\u00f3.<\/p>\n\n\n<div class=\"wp-block-group\"><div class=\"wp-block-group__inner-container is-layout-constrained wp-block-group-is-layout-constrained\">\n<figure class=\"wp-block-image size-full is-resized\"><img loading=\"lazy\" decoding=\"async\" width=\"177\" height=\"73\" src=\"https:\/\/actef.es\/wp-content\/uploads\/2025\/08\/Objetivos.png\" alt=\"\" class=\"wp-image-4092\" style=\"width:167px;height:auto\"\/><\/figure>\n\n\n\n<ul class=\"wp-block-list\">\n<li>Desenvolupar l&#8217;inter\u00e8s dels nens per aprendre sobre temes variats.<\/li>\n\n\n\n<li>Treballar la gesti\u00f3 de la frustraci\u00f3.<\/li>\n\n\n\n<li>Promoure el desenvolupament personal, millorant la confian\u00e7a i autoestima dels nens.<\/li>\n\n\n\n<li>Fomentar la interacci\u00f3 social i el treball en equip entre els participants.<\/li>\n\n\n\n<li>Oferir un ambient divertit i creatiu on els nens\\as puguin expressar-se i explorar lliurement.<\/li>\n\n\n\n<li>Treballar l&#8217;empatia i l&#8217;assertivitat.<\/li>\n<\/ul>\n<\/div><\/div>\n\n\n\n<hr class=\"wp-block-separator has-text-color has-vivid-cyan-blue-color has-alpha-channel-opacity has-vivid-cyan-blue-background-color has-background is-style-wide\"\/>\n\n\n\n<div class=\"wp-block-columns is-layout-flex wp-container-core-columns-is-layout-9d6595d7 wp-block-columns-is-layout-flex\">\n<div class=\"wp-block-column is-layout-flow wp-block-column-is-layout-flow\"><div class=\"wp-block-image\">\n<figure class=\"aligncenter size-full is-resized\"><img loading=\"lazy\" decoding=\"async\" width=\"282\" height=\"109\" src=\"https:\/\/actef.es\/wp-content\/uploads\/2025\/08\/HORARIO-cat.png\" alt=\"\" class=\"wp-image-4090\" style=\"width:181px;height:auto\"\/><\/figure>\n<\/div>\n\n\n<p class=\"has-text-align-center\">17:00 Sede d\u00b4ACTEF\u00a0<\/p>\n\n\n\n<p class=\"has-text-align-center\">Dimecres<\/p>\n<\/div>\n\n\n\n<div class=\"wp-block-column is-layout-flow wp-block-column-is-layout-flow\"><div class=\"wp-block-image\">\n<figure class=\"aligncenter size-full is-resized\"><img loading=\"lazy\" decoding=\"async\" width=\"282\" height=\"109\" src=\"https:\/\/actef.es\/wp-content\/uploads\/2025\/08\/PROFE-cat.png\" alt=\"\" class=\"wp-image-4088\" style=\"width:178px;height:auto\"\/><\/figure>\n<\/div>\n\n\n<p class=\"has-text-align-center\">Soledad Perez<\/p>\n<\/div>\n\n\n\n<div class=\"wp-block-column is-layout-flow wp-block-column-is-layout-flow\"><div class=\"wp-block-image is-style-default\">\n<figure class=\"aligncenter size-full is-resized\"><img loading=\"lazy\" decoding=\"async\" width=\"282\" height=\"109\" src=\"https:\/\/actef.es\/wp-content\/uploads\/2025\/08\/PREU-cat.png\" alt=\"\" class=\"wp-image-4086\" style=\"width:165px;height:auto\"\/><\/figure>\n<\/div>\n\n\n<p class=\"has-text-align-center\">Consultar en ACTEF<\/p>\n<\/div>\n<\/div>\n\n\n\n<hr class=\"wp-block-separator has-text-color has-vivid-cyan-blue-color has-alpha-channel-opacity has-vivid-cyan-blue-background-color has-background is-style-wide\"\/>\n\n\n<div class=\"wp-block-image\">\n<figure class=\"aligncenter size-full is-resized\"><a href=\"https:\/\/forms.gle\/83yjKy9RhFAd7UjH6\"><img loading=\"lazy\" decoding=\"async\" width=\"782\" height=\"185\" src=\"https:\/\/actef.es\/wp-content\/uploads\/2025\/08\/24-cAT.png\" alt=\"\" class=\"wp-image-4100\" style=\"width:387px;height:auto\" srcset=\"https:\/\/actef.es\/wp-content\/uploads\/2025\/08\/24-cAT.png 782w, https:\/\/actef.es\/wp-content\/uploads\/2025\/08\/24-cAT-300x71.png 300w, https:\/\/actef.es\/wp-content\/uploads\/2025\/08\/24-cAT-768x182.png 768w\" sizes=\"auto, (max-width: 782px) 100vw, 782px\" \/><\/a><\/figure>\n<\/div>\n\n\n<figure class=\"wp-block-embed is-type-video is-provider-youtube wp-block-embed-youtube wp-embed-aspect-16-9 wp-has-aspect-ratio\"><div class=\"wp-block-embed__wrapper\">\n<iframe loading=\"lazy\" title=\"Laboratorio Creativo 1\" width=\"1200\" height=\"675\" src=\"https:\/\/www.youtube.com\/embed\/Yri4c0cRk1w?feature=oembed\" frameborder=\"0\" allow=\"accelerometer; autoplay; clipboard-write; encrypted-media; gyroscope; picture-in-picture; web-share\" referrerpolicy=\"strict-origin-when-cross-origin\" allowfullscreen><\/iframe>\n<\/div><\/figure>\n\n\n\n<hr class=\"wp-block-separator has-text-color has-vivid-cyan-blue-color has-alpha-channel-opacity has-vivid-cyan-blue-background-color has-background is-style-wide\"\/>\n\n\n\n<div class=\"wp-block-group is-nowrap is-layout-flex wp-container-core-group-is-layout-ad2f72ca wp-block-group-is-layout-flex\">\n<blockquote class=\"wp-block-stackable-blockquote stk-block-blockquote stk-block stk-f3b1bff is-style-default\" data-v=\"2\" data-block-id=\"f3b1bff\"><div class=\"has-text-align-left stk-block-blockquote__content stk-container stk-f3b1bff-container stk-hover-parent\"><div class=\"stk-block-content stk-inner-blocks\">\n<div class=\"wp-block-stackable-icon stk-block-icon stk-block stk-d31b222\" data-block-id=\"d31b222\"><span class=\"stk--svg-wrapper\"><div class=\"stk--inner-svg\"><svg style=\"height:0;width:0\"><defs><linearGradient id=\"linear-gradient-d31b222\" x1=\"0\" x2=\"100%\" y1=\"0\" y2=\"0\"><stop offset=\"0%\" style=\"stop-opacity:1;stop-color:var(--linear-gradient-d-31-b-222-color-1)\"><\/stop><stop offset=\"100%\" style=\"stop-opacity:1;stop-color:var(--linear-gradient-d-31-b-222-color-2)\"><\/stop><\/linearGradient><\/defs><\/svg><svg xmlns=\"http:\/\/www.w3.org\/2000\/svg\" viewBox=\"0 0 50 50\" aria-hidden=\"true\" width=\"32\" height=\"32\"><path d=\"M19.8 9.3C10.5 11.8 4.6 17 2.1 24.8c2.3-3.6 5.6-5.4 9.9-5.4 3.3 0 6 1.1 8.3 3.3 2.2 2.2 3.4 5 3.4 8.3 0 3.2-1.1 5.8-3.3 8-2.2 2.2-5.1 3.2-8.7 3.2-3.7 0-6.5-1.2-8.6-3.5C1 36.3 0 33.1 0 29 0 18.3 6.5 11.2 19.6 7.9l.2 1.4zm26.4 0C36.9 11.9 31 17 28.5 24.8c2.2-3.6 5.5-5.4 9.8-5.4 3.2 0 6 1.1 8.3 3.2 2.3 2.2 3.4 4.9 3.4 8.3 0 3.1-1.1 5.8-3.3 7.9-2.2 2.2-5.1 3.3-8.6 3.3-3.7 0-6.6-1.1-8.6-3.4-2.1-2.3-3.1-5.5-3.1-9.7 0-10.7 6.6-17.8 19.7-21.1l.1 1.4z\"><\/path><\/svg><\/div><\/span><\/div>\n\n\n\n<div class=\"wp-block-stackable-text stk-block-text stk-block stk-e6b02cc\" data-block-id=\"e6b02cc\"><p class=\"stk-block-text__text has-text-align-center\">Disculpeu les mol\u00e8sties, estem jugant per a vosaltres.<br>FLATO<\/p><\/div>\n<\/div><\/div><\/blockquote>\n\n\n\n<p><br><\/p>\n<\/div>\n\n\n\n<hr class=\"wp-block-separator has-text-color has-vivid-cyan-blue-color has-alpha-channel-opacity has-vivid-cyan-blue-background-color has-background is-style-wide\"\/>\n\n\n\n<p>Con la colaboraci\u00f3n de:<\/p>\n\n\n\n<figure class=\"wp-block-image size-full\"><img loading=\"lazy\" decoding=\"async\" width=\"875\" height=\"151\" src=\"https:\/\/actef.es\/wp-content\/uploads\/2025\/08\/WhatsApp-Image-2025-08-27-at-10.22.15.jpeg\" alt=\"\" class=\"wp-image-4494\" srcset=\"https:\/\/actef.es\/wp-content\/uploads\/2025\/08\/WhatsApp-Image-2025-08-27-at-10.22.15.jpeg 875w, https:\/\/actef.es\/wp-content\/uploads\/2025\/08\/WhatsApp-Image-2025-08-27-at-10.22.15-300x52.jpeg 300w, https:\/\/actef.es\/wp-content\/uploads\/2025\/08\/WhatsApp-Image-2025-08-27-at-10.22.15-768x133.jpeg 768w\" sizes=\"auto, (max-width: 875px) 100vw, 875px\" \/><\/figure>\n\n\n\n<hr class=\"wp-block-separator has-text-color has-vivid-cyan-blue-color has-alpha-channel-opacity has-vivid-cyan-blue-background-color has-background is-style-wide\"\/>\n\n\n\n<p><\/p>\n<style class=\"advgb-styles-renderer\">.stk-e6b02cc .stk-block-text__text{font-size:32px !important;}@media screen and (max-width: 1023px){.stk-e6b02cc .stk-block-text__text{font-size:32px !important;}}<\/style>","protected":false},"excerpt":{"rendered":"<p>\u00c9s un taller de treball emocional i desenvolupament d&#8217;habilitats socials a trav\u00e9s de les activitats creatives. Viatjarem en el temps per a con\u00e8ixer civilitzacions antigues, descobrirem \u00e9ssers mitol\u00f2gics, desxifrarem enigmes de la naturalesa i moltes coses m\u00e9s sempre partint de la nostra creativitat. El taller busca encuriosir i l&#8217;inter\u00e8s de els\\as nens\\as per diverses \u00e0rees &#8230; <a title=\"INTENSAMENT 0: nascuts en 2020-2021\" class=\"read-more\" href=\"https:\/\/actef.es\/web\/intensament-0-nascuts-en-2020-2021\/?lang=ca\" aria-label=\"Leer m\u00e1s sobre INTENSAMENT 0: nascuts en 2020-2021\">Leer m\u00e1s<\/a><\/p>\n","protected":false},"author":2,"featured_media":5748,"parent":0,"menu_order":0,"comment_status":"closed","ping_status":"closed","template":"","meta":{"advgb_blocks_editor_width":"","advgb_blocks_columns_visual_guide":"","footnotes":""},"class_list":["post-4073","page","type-page","status-publish","has-post-thumbnail"],"featured_image_urls_v2":{"full":["https:\/\/actef.es\/wp-content\/uploads\/2025\/12\/cat-0.png",1455,375,false],"thumbnail":["https:\/\/actef.es\/wp-content\/uploads\/2025\/12\/cat-0-150x150.png",150,150,true],"medium":["https:\/\/actef.es\/wp-content\/uploads\/2025\/12\/cat-0-300x77.png",300,77,true],"medium_large":["https:\/\/actef.es\/wp-content\/uploads\/2025\/12\/cat-0-768x198.png",768,198,true],"large":["https:\/\/actef.es\/wp-content\/uploads\/2025\/12\/cat-0-1024x264.png",1024,264,true],"1536x1536":["https:\/\/actef.es\/wp-content\/uploads\/2025\/12\/cat-0.png",1455,375,false],"2048x2048":["https:\/\/actef.es\/wp-content\/uploads\/2025\/12\/cat-0.png",1455,375,false]},"post_excerpt_stackable_v2":"<p>\u00c9s un taller de treball emocional i desenvolupament d&#8217;habilitats socials a trav\u00e9s de les activitats creatives. Viatjarem en el temps per a con\u00e8ixer civilitzacions antigues, descobrirem \u00e9ssers mitol\u00f2gics, desxifrarem enigmes de la naturalesa i moltes coses m\u00e9s sempre partint de la nostra creativitat. El taller busca encuriosir i l&#8217;inter\u00e8s de els\\as nens\\as per diverses \u00e0rees del coneixement i habilitats a trav\u00e9s del joc creatiu i la imaginaci\u00f3. Desenvolupar l&#8217;inter\u00e8s dels nens per aprendre sobre temes variats. Treballar la gesti\u00f3 de la frustraci\u00f3. Promoure el desenvolupament personal, millorant la confian\u00e7a i autoestima dels nens. Fomentar la interacci\u00f3 social i el treball&hellip;<\/p>\n","category_list_v2":"","author_info_v2":{"name":"Esperanza Marqu\u00e8s","url":"https:\/\/actef.es\/web\/author\/esperanza\/"},"comments_num_v2":"0 comentarios","coauthors":[],"author_meta":{"author_link":"https:\/\/actef.es\/web\/author\/esperanza\/","display_name":"Esperanza Marqu\u00e8s"},"relative_dates":{"created":"Publicado 8 meses hace","modified":"Actualizado 3 meses hace"},"absolute_dates":{"created":"Publicado el 27 agosto 2025","modified":"Actualizado el 4 febrero 2026"},"absolute_dates_time":{"created":"Publicado el 27 agosto 2025 09:12","modified":"Actualizado el 4 febrero 2026 11:00"},"featured_img_caption":"","featured_img":"https:\/\/actef.es\/wp-content\/uploads\/2025\/12\/cat-0.png","series_order":"","_links":{"self":[{"href":"https:\/\/actef.es\/web\/wp-json\/wp\/v2\/pages\/4073","targetHints":{"allow":["GET"]}}],"collection":[{"href":"https:\/\/actef.es\/web\/wp-json\/wp\/v2\/pages"}],"about":[{"href":"https:\/\/actef.es\/web\/wp-json\/wp\/v2\/types\/page"}],"author":[{"embeddable":true,"href":"https:\/\/actef.es\/web\/wp-json\/wp\/v2\/users\/2"}],"replies":[{"embeddable":true,"href":"https:\/\/actef.es\/web\/wp-json\/wp\/v2\/comments?post=4073"}],"version-history":[{"count":18,"href":"https:\/\/actef.es\/web\/wp-json\/wp\/v2\/pages\/4073\/revisions"}],"predecessor-version":[{"id":5952,"href":"https:\/\/actef.es\/web\/wp-json\/wp\/v2\/pages\/4073\/revisions\/5952"}],"wp:featuredmedia":[{"embeddable":true,"href":"https:\/\/actef.es\/web\/wp-json\/wp\/v2\/media\/5748"}],"wp:attachment":[{"href":"https:\/\/actef.es\/web\/wp-json\/wp\/v2\/media?parent=4073"}],"curies":[{"name":"wp","href":"https:\/\/api.w.org\/{rel}","templated":true}]}}

<figure class="wp-block-image size-large"><img loading="lazy" decoding="async" width="1024" height="726" src="https://actef.es/wp-content/uploads/2026/02/cat-int0-1024x726.png" alt="" class="wp-image-5949" srcset="https://actef.es/wp-content/uploads/2026/02/cat-int0-1024x726.png 1024w, https://actef.es/wp-content/uploads/2026/02/cat-int0-300x213.png 300w, https://actef.es/wp-content/uploads/2026/02/cat-int0-768x545.png 768w, https://actef.es/wp-content/uploads/2026/02/cat-int0-1536x1090.png 1536w, https://actef.es/wp-content/uploads/2026/02/cat-int0.png 1748w" sizes="auto, (max-width: 1024px) 100vw, 1024px" /></figure>



<figure class="wp-block-image size-full is-resized"><img loading="lazy" decoding="async" width="282" height="109" src="https://actef.es/wp-content/uploads/2025/08/Que-es-cat-1.png" alt="" class="wp-image-4084" style="aspect-ratio:2.587370531239559;width:242px;height:auto"/></figure>


<p>És un taller de treball emocional i desenvolupament d&#8217;habilitats socials a través de les activitats creatives. Viatjarem en el temps per a conèixer civilitzacions antigues, descobrirem éssers mitològics, desxifrarem enigmes de la naturalesa i moltes coses més sempre partint de la nostra creativitat. El taller busca encuriosir i l&#8217;interès de els\as nens\as per diverses àrees del coneixement i habilitats a través del joc creatiu i la imaginació.</p>


<div class="wp-block-group"><div class="wp-block-group__inner-container is-layout-constrained wp-block-group-is-layout-constrained">
<figure class="wp-block-image size-full is-resized"><img loading="lazy" decoding="async" width="177" height="73" src="https://actef.es/wp-content/uploads/2025/08/Objetivos.png" alt="" class="wp-image-4092" style="width:167px;height:auto"/></figure>



<ul class="wp-block-list">
<li>Desenvolupar l&#8217;interès dels nens per aprendre sobre temes variats.</li>



<li>Treballar la gestió de la frustració.</li>



<li>Promoure el desenvolupament personal, millorant la confiança i autoestima dels nens.</li>



<li>Fomentar la interacció social i el treball en equip entre els participants.</li>



<li>Oferir un ambient divertit i creatiu on els nens\as puguin expressar-se i explorar lliurement.</li>



<li>Treballar l&#8217;empatia i l&#8217;assertivitat.</li>
</ul>
</div></div>



<hr class="wp-block-separator has-text-color has-vivid-cyan-blue-color has-alpha-channel-opacity has-vivid-cyan-blue-background-color has-background is-style-wide"/>



<div class="wp-block-columns is-layout-flex wp-container-core-columns-is-layout-9d6595d7 wp-block-columns-is-layout-flex">
<div class="wp-block-column is-layout-flow wp-block-column-is-layout-flow"><div class="wp-block-image">
<figure class="aligncenter size-full is-resized"><img loading="lazy" decoding="async" width="282" height="109" src="https://actef.es/wp-content/uploads/2025/08/HORARIO-cat.png" alt="" class="wp-image-4090" style="width:181px;height:auto"/></figure>
</div>


<p class="has-text-align-center">17:00 Sede d´ACTEF </p>



<p class="has-text-align-center">Dimecres</p>
</div>



<div class="wp-block-column is-layout-flow wp-block-column-is-layout-flow"><div class="wp-block-image">
<figure class="aligncenter size-full is-resized"><img loading="lazy" decoding="async" width="282" height="109" src="https://actef.es/wp-content/uploads/2025/08/PROFE-cat.png" alt="" class="wp-image-4088" style="width:178px;height:auto"/></figure>
</div>


<p class="has-text-align-center">Soledad Perez</p>
</div>



<div class="wp-block-column is-layout-flow wp-block-column-is-layout-flow"><div class="wp-block-image is-style-default">
<figure class="aligncenter size-full is-resized"><img loading="lazy" decoding="async" width="282" height="109" src="https://actef.es/wp-content/uploads/2025/08/PREU-cat.png" alt="" class="wp-image-4086" style="width:165px;height:auto"/></figure>
</div>


<p class="has-text-align-center">Consultar en ACTEF</p>
</div>
</div>



<hr class="wp-block-separator has-text-color has-vivid-cyan-blue-color has-alpha-channel-opacity has-vivid-cyan-blue-background-color has-background is-style-wide"/>


<div class="wp-block-image">
<figure class="aligncenter size-full is-resized"><a href="https://forms.gle/83yjKy9RhFAd7UjH6"><img loading="lazy" decoding="async" width="782" height="185" src="https://actef.es/wp-content/uploads/2025/08/24-cAT.png" alt="" class="wp-image-4100" style="width:387px;height:auto" srcset="https://actef.es/wp-content/uploads/2025/08/24-cAT.png 782w, https://actef.es/wp-content/uploads/2025/08/24-cAT-300x71.png 300w, https://actef.es/wp-content/uploads/2025/08/24-cAT-768x182.png 768w" sizes="auto, (max-width: 782px) 100vw, 782px" /></a></figure>
</div>


<figure class="wp-block-embed is-type-video is-provider-youtube wp-block-embed-youtube wp-embed-aspect-16-9 wp-has-aspect-ratio"><div class="wp-block-embed__wrapper">
<iframe loading="lazy" title="Laboratorio Creativo 1" width="1200" height="675" src="https://www.youtube.com/embed/Yri4c0cRk1w?feature=oembed" frameborder="0" allow="accelerometer; autoplay; clipboard-write; encrypted-media; gyroscope; picture-in-picture; web-share" referrerpolicy="strict-origin-when-cross-origin" allowfullscreen></iframe>
</div></figure>



<hr class="wp-block-separator has-text-color has-vivid-cyan-blue-color has-alpha-channel-opacity has-vivid-cyan-blue-background-color has-background is-style-wide"/>



<div class="wp-block-group is-nowrap is-layout-flex wp-container-core-group-is-layout-ad2f72ca wp-block-group-is-layout-flex">
<blockquote class="wp-block-stackable-blockquote stk-block-blockquote stk-block stk-f3b1bff is-style-default" data-v="2" data-block-id="f3b1bff"><div class="has-text-align-left stk-block-blockquote__content stk-container stk-f3b1bff-container stk-hover-parent"><div class="stk-block-content stk-inner-blocks">
<div class="wp-block-stackable-icon stk-block-icon stk-block stk-d31b222" data-block-id="d31b222"><span class="stk--svg-wrapper"><div class="stk--inner-svg"><svg style="height:0;width:0"><defs><linearGradient id="linear-gradient-d31b222" x1="0" x2="100%" y1="0" y2="0"><stop offset="0%" style="stop-opacity:1;stop-color:var(--linear-gradient-d-31-b-222-color-1)"></stop><stop offset="100%" style="stop-opacity:1;stop-color:var(--linear-gradient-d-31-b-222-color-2)"></stop></linearGradient></defs></svg><svg xmlns="http://www.w3.org/2000/svg" viewBox="0 0 50 50" aria-hidden="true" width="32" height="32"><path d="M19.8 9.3C10.5 11.8 4.6 17 2.1 24.8c2.3-3.6 5.6-5.4 9.9-5.4 3.3 0 6 1.1 8.3 3.3 2.2 2.2 3.4 5 3.4 8.3 0 3.2-1.1 5.8-3.3 8-2.2 2.2-5.1 3.2-8.7 3.2-3.7 0-6.5-1.2-8.6-3.5C1 36.3 0 33.1 0 29 0 18.3 6.5 11.2 19.6 7.9l.2 1.4zm26.4 0C36.9 11.9 31 17 28.5 24.8c2.2-3.6 5.5-5.4 9.8-5.4 3.2 0 6 1.1 8.3 3.2 2.3 2.2 3.4 4.9 3.4 8.3 0 3.1-1.1 5.8-3.3 7.9-2.2 2.2-5.1 3.3-8.6 3.3-3.7 0-6.6-1.1-8.6-3.4-2.1-2.3-3.1-5.5-3.1-9.7 0-10.7 6.6-17.8 19.7-21.1l.1 1.4z"></path></svg></div></span></div>



<div class="wp-block-stackable-text stk-block-text stk-block stk-e6b02cc" data-block-id="e6b02cc"><p class="stk-block-text__text has-text-align-center">Disculpeu les molèsties, estem jugant per a vosaltres.<br>FLATO</p></div>
</div></div></blockquote>



<p><br></p>
</div>



<hr class="wp-block-separator has-text-color has-vivid-cyan-blue-color has-alpha-channel-opacity has-vivid-cyan-blue-background-color has-background is-style-wide"/>



<p>Con la colaboración de:</p>



<figure class="wp-block-image size-full"><img loading="lazy" decoding="async" width="875" height="151" src="https://actef.es/wp-content/uploads/2025/08/WhatsApp-Image-2025-08-27-at-10.22.15.jpeg" alt="" class="wp-image-4494" srcset="https://actef.es/wp-content/uploads/2025/08/WhatsApp-Image-2025-08-27-at-10.22.15.jpeg 875w, https://actef.es/wp-content/uploads/2025/08/WhatsApp-Image-2025-08-27-at-10.22.15-300x52.jpeg 300w, https://actef.es/wp-content/uploads/2025/08/WhatsApp-Image-2025-08-27-at-10.22.15-768x133.jpeg 768w" sizes="auto, (max-width: 875px) 100vw, 875px" /></figure>



<hr class="wp-block-separator has-text-color has-vivid-cyan-blue-color has-alpha-channel-opacity has-vivid-cyan-blue-background-color has-background is-style-wide"/>



<p></p>
<style class="advgb-styles-renderer">.stk-e6b02cc .stk-block-text__text{font-size:32px !important;}@media screen and (max-width: 1023px){.stk-e6b02cc .stk-block-text__text{font-size:32px !important;}}</style>

<p>És un taller de treball emocional i desenvolupament d&#8217;habilitats socials a través de les activitats creatives. Viatjarem en el temps per a conèixer civilitzacions antigues, descobrirem éssers mitològics, desxifrarem enigmes de la naturalesa i moltes coses més sempre partint de la nostra creativitat. El taller busca encuriosir i l&#8217;interès de els\as nens\as per diverses àrees &#8230; <a title="INTENSAMENT 0: nascuts en 2020-2021" class="read-more" href="https://actef.es/web/intensament-0-nascuts-en-2020-2021/?lang=ca" aria-label="Leer más sobre INTENSAMENT 0: nascuts en 2020-2021">Leer más</a></p>

<p>És un taller de treball emocional i desenvolupament d&#8217;habilitats socials a través de les activitats creatives. Viatjarem en el temps per a conèixer civilitzacions antigues, descobrirem éssers mitològics, desxifrarem enigmes de la naturalesa i moltes coses més sempre partint de la nostra creativitat. El taller busca encuriosir i l&#8217;interès de els\as nens\as per diverses àrees del coneixement i habilitats a través del joc creatiu i la imaginació. Desenvolupar l&#8217;interès dels nens per aprendre sobre temes variats. Treballar la gestió de la frustració. Promoure el desenvolupament personal, millorant la confiança i autoestima dels nens. Fomentar la interacció social i el treball&hellip;</p>

Esperanza Marquès
